 What are the prime factors of x?
2, 3
Let w = 5 - 0. Suppose -w*b + 3*y - 120 = y, -5*b - 120 = 5*y. Let l = 38 + b. List the prime factors of l.
2, 7
Let a = 366 + -12. Let i = a + -103. List the prime factors of i.
251
Suppose -5*o - 15 = -f, -4*f = 4*o - 6 - 6. Suppose -268 = -f*l + l. What are the prime factors of l?
67
Let i(p) = 6*p - 3 - 2*p - 4 + 10*p. List the prime factors of i(6).
7, 11
Suppose 0 = 13*i + 64*i - 166243. What are the prime factors of i?
17, 127
Suppose 18*v = 1694 + 5200. List the prime factors of v.
383
Suppose 4 = 7*r - 5*r. Suppose r*s = -3*s - 4*b + 389, 2*b = 5*s - 383. Suppose 7 = 3*o - s. What are the prime factors of o?
2, 7
Suppose -l = 3*z - 7152, 9030 + 2873 = 5*z - 4*l. What are the prime factors of z?
2383
Let d(h) = -12*h**3 + h**2 - 2. Let m be d(2). Let o = -14 - m. What are the prime factors of o?
2, 5
Let r(q) = -10*q + 15. Suppose -11 = -5*l - 46. List the prime factors of r(l).
5, 17
Let u(i) = 2*i**2 + 7. Let v(z) = 13 + 10 + z - 3 + 5*z**2. Let y(k) = 11*u(k) - 4*v(k). List the prime factors of y(5).
3
Suppose 0 = 3*s - 5*l - 4, -4*s + 4*l = 6 + 2. Let z be (s/1)/((-3)/12). Let d = z - 17. List the prime factors of d.
11
Let r = 9 - 5. Let o(t) = t**3 + 22*t**2 + 19*t - 10. Let k be o(-21). Suppose k = r*u - 5*q, 11 = u - q + 3. What are the prime factors of u?
2
Let m = 579 - 110. List the prime factors of m.
7, 67
Suppose 196 - 1492 = -9*q. List the prime factors of q.
2, 3
Let g(p) = -p**2 - 9*p + 7. Let i be g(-9). Suppose -i*j - 39 = -4*j. Let d(o) = -o - 7. List the prime factors of d(j).
2, 3
List the prime factors of ((-45)/(-18))/(4/536).
5, 67
Suppose 8 = 5*k + 23. Let u = 5 + k. Suppose 80 = u*x + 2*x. List the prime factors of x.
2, 5
Suppose 8 = 5*w - b - b, -2*w = -4*b. Let f(u) = 2*u + 1. Let v be f(w). List the prime factors of 264/v - (-2)/10.
53
Suppose 0 = 7*c - 2*c - 45. List the prime factors of (c/((-189)/1330))/((-2)/6).
2, 5, 19
Suppose -106598 = -38*b + 66720. List the prime factors of b.
4561
Let y be 1/(1 + 0 - 2). Let q be 8/y*(-2)/4. Suppose -3*b = q*b - 371. What are the prime factors of b?
53
Let q(u) = u**3 - 4. Suppose 0 = -3*w + 8*w. Let z be q(w). What are the prime factors of (-106)/z - 7/(-14)?
3
Suppose 4 = 2*i, 0*v + 4*v - i - 482 = 0. Let u = 85 + v. List the prime factors of u.
2, 103
Suppose 5*i - i + 2*n - 3908 = 0, -4*n = i - 963. List the prime factors of i.
11, 89
Let n be 5*(-18)/(-105)*7. Let f = n - -3. What are the prime factors of (9/(-6))/(f/(-192))?
2
Let s(t) = 7*t**2 + t + 306. List the prime factors of s(0).
2, 3, 17
Let v be 1 - ((-5)/1 + 1 - -3). Suppose 3*f + v*f + 5*a - 500 = 0, 3*f + 5*a = 300. What are the prime factors of f?
2, 5
Let b = -12 + 2. What are the prime factors of 4/10*67 - 2/b?
3
What are the prime factors of (-5)/(25/2) - 119412/(-155)?
2, 5, 7, 11
What are the prime factors of ((-12)/15)/(36/(-30330))?
2, 337
Let h = -5 - -15. Let i = h - 13. List the prime factors of 1 + 22 + (i - -1).
3, 7
Suppose 43*i - 37*i - 5970 = 0. List the prime factors of i.
5, 199
Let k(c) = c**2 - 2*c + 1. Let r = 21 + -31. Let z = 16 + r. What are the prime factors of k(z)?
5
What are the prime factors of (-4 + (4 - 2))/(4/(-2066))?
1033
Let k = -287 + 545. What are the prime factors of k?
2, 3, 43
Let g = 25 + -20. Suppose 5*p - g*c + 405 = -315, 3*p = -c - 448. Let k = -95 - p. List the prime factors of k.
53
Let a(q) = 64*q + 20. Let f be a(3). Let o = -37 + f. List the prime factors of o.
5, 7
Let b(n) = -n**3 - 42*n**2 - 47*n + 129. What are the prime factors of b(-41)?
3, 5
Suppose 4*x + 312 = 8. Let m = 205 + x. List the prime factors of m.
3, 43
Suppose 64*a - 4683 = 57*a. List the prime factors of a.
3, 223
Let x(i) be the third derivative of i**5/60 + 5*i**4/24 + i**3/3 + 5*i**2. Let n(r) = r**2 - 8*r - 5. Let o be n(8). List the prime factors of x(o).
2
Suppose -8 = -4*x - 0. What are the prime factors of (-11 - 3)/((-1)/x)?
2, 7
Suppose 40*z - 12 = 41*z. List the prime factors of 8/z - (-875)/21.
41
Suppose 4 = 3*k - k. Suppose -1 = k*z - 3*j, -5*j - 9 = 2*z - 0*z. What are the prime factors of (0/z + 1)*24?
2, 3
Let s = 2 + 3. Suppose 305 = -5*d + s*l, l = -0*l + 3. Let x = -25 - d. What are the prime factors of x?
3, 11
Let u(x) = -2*x**2 + 5*x**2 - 6*x + 14 - x**2 - 4. Let s be u(7). Suppose 0 = 6*m - 3*m - s. List the prime factors of m.
2, 11
Suppose k - 2462 = -2*r, 3*r + k - 4928 = -r. List the prime factors of r.
3, 137
Let l be ((-3)/4)/((-105)/(-36) - 3). Let b(o) = -o**2 + 9*o + 17. What are the prime factors of b(l)?
17
Let f(j) be the first derivative of -j + j**2 + 0*j**3 + 35/4*j**4 - 6. List the prime factors of f(1).
2, 3
Let t(i) be the second derivative of 7/2*i**2 + 1/6*i**3 + 0 + 3*i. List the prime factors of t(0).
7
Suppose 538 = -3*w + 5*l, 5*w - 4*l + 141 + 734 = 0. Let p = -4 + w. List the prime factors of p/(-4) + (-1)/(-4).
2, 11
Suppose -r = 3*d - 3873, -5*r = -6*r - 3. Suppose -d = -i - 3*i. List the prime factors of i.
17, 19
List the prime factors of (-3858)/(-18) - 6 - 2/(-3).
11, 19
Suppose 2*i - 3*d - 3824 = 0, -i = 3*i + 3*d - 7666. What are the prime factors of i?
5, 383
Let m be 6/21 - 1016/28. Let z = 95 + m. Let w = z - 30. What are the prime factors of w?
29
Suppose -62*r - 329 = -63*r. List the prime factors of r.
7, 47
Let i be 3 + 4 + -2 + -9. Let j(k) = -5*k - 15. What are the prime factors of j(i)?
5
Let w(d) = d**2 + 24*d + 24. Let q be w(-24). Suppose 0 = -18*f + q*f - 1650. List the prime factors of f.
5, 11
Let w(r) = 5*r**2 - 14*r - 32. List the prime factors of w(15).
883
Suppose 0 = -7*x + x + 66. Let m(u) = u**3 - 10*u**2 - 5*u - 18. What are the prime factors of m(x)?
2, 3
Let j(x) = 461*x - 12. List the prime factors of j(2).
2, 5, 7, 13
Suppose 0*m + 3*m + 1440 = 5*t, t = -4*m + 288. What are the prime factors of t?
2, 3
Let t(c) = -c + 3. Let z be t(3). Suppose z = -5*d - a + 710, 4*a = -d + 2*a + 142. Let w = d - 88. What are the prime factors of w?
2, 3
Let x(y) = y**3 - 3*y**2 - 13*y - 7. Let k be x(6). Suppose k*q = 19*q + 300. What are the prime factors of q?
3, 5
Let v(f) = 12*f**2 + 4*f - 3. Suppose 0 = -6*d + d + 10. Suppose 10*c = d*c + 16. List the prime factors of v(c).
53
Suppose 27*w - 1415 = 1231. Suppose y = 5*y + 184. Let g = y + w. What are the prime factors of g?
2, 13
Let m(k) be the third derivative of 17*k**4/8 - k**3/6 + 6*k**2. What are the prime factors of m(1)?
2, 5
Let f(k) = 2 - 3*k - 6*k + 3*k**3 - 2*k**3 - 3*k**2 + 9*k**2. List the prime factors of f(-7).
2
Let t = 19 - 232. Let w = -116 - t. What are the prime factors of w?
97
Suppose 2*x - 4*m = 6*x + 112, 3*x + 90 = -m. Let w = x - -34. What are the prime factors of (-60)/(-2) + w/1?
3, 11
Let j = -485 + 881. Suppose j = -4*i - 40. Let w = i + 183. What are the prime factors of w?
2, 37
Let z(q) = -q**3 + 14*q**2 - 6*q - 15. Let j be z(13). Suppose 2*r = -2*p + j + 224, -4*p = 0. List the prime factors of r.
2, 3, 5
Let v(k) be the second derivative of -k**6/80 - k**5/12 + 3*k**4/4 - 4*k. Let t(m) be the third derivative of v(m). What are the prime factors of t(-4)?
2, 13
Let c(g) = 2*g - 20. Let o be c(11). Let n(u) = 45*u - 5. List the prime factors of n(o).
5, 17
Let i = 824 + -768. List the prime factors of i.
2, 7
Let y(v) = 6*v**2 - 11*v + 4. List the prime factors of y(-8).
2, 7, 17
List the prime factors of (-3 - (-5)/3)/((-2)/2457).
2, 3, 7, 13
Suppose -t = -0*t - 2. List the prime factors of ((-68)/51)/(t/(-27)).
2, 3
Let g(m) = 4*m - 5. Let q be g(2). Let a = 206 - 89. Suppose -c + 38 = -z, q*c - 3*z + z - a = 0. What are the prime factors of c?
41
Let o(n) be the second derivative of 2/3*n**3 + 3/2*n**2 + 1/3*n**4 + 6*n + 0. What are the prime factors of o(-2)?
11
What are the prime factors of (-10)/4 - 122187/(-78)?
2, 17, 23
Let h = 81 + -196. Let b = -75 - h. What are the prime factors of b?
2, 5
Let r be -12*(0 + (-25)/20). Suppose 3*i = r*i - 2760. What are the prime factors of i?
2, 5, 23
Let k(i) = 27*i**2 + 3*i - 6. Let n(c) = 53*c**2 + 6*c - 13. Let o(x) = 9*k(x) - 4*n(x). What are the prime factors of o(1)?
2
Suppose -4*x - 32 + 52 = 0. Let o(l) = 23*l + 21. List the prime factors of o(x).
2, 17
Let c(j) = j - 26. Let y be c(8). Let g = 18 - y. What are the prim